highest common divisor of 104 and 16952.
104
Calculate the highest common divisor of 252 and 34650.
126
What is the highest common divisor of 494 and 14706?
38
Calculate the greatest common factor of 710 and 10.
10
What is the greatest common factor of 1891 and 61?
61
What is the highest common factor of 9333 and 45?
9
What is the greatest common factor of 81 and 2592?
81
Calculate the greatest common factor of 5157 and 27.
27
What is the highest common divisor of 34 and 595?
17
What is the highest common divisor of 24723 and 123?
123
What is the greatest common divisor of 60 and 24?
12
Calculate the highest common factor of 104 and 16.
8
Calculate the highest common divisor of 250 and 250.
250
Calculate the highest common factor of 261 and 1479.
87
Calculate the greatest common divisor of 1204 and 364.
28
What is the greatest common divisor of 21 and 84?
21
What is the highest common factor of 35 and 620?
5
Calculate the greatest common factor of 105 and 273.
21
What is the highest common divisor of 272 and 208?
16
What is the highest common factor of 133 and 161?
7
Calculate the highest common factor of 230 and 2185.
115
Calculate the highest common factor of 436 and 24.
4
What is the highest common factor of 176 and 2662?
22
What is the greatest common divisor of 345 and 1104?
69
What is the greatest common divisor of 715 and 165?
55
What is the highest common divisor of 15129 and 9?
9
Calculate the highest common factor of 690 and 10.
10
What is the highest common divisor of 3787 and 49?
7
What is the greatest common divisor of 1350 and 594?
54
What is the greatest common factor of 115 and 368?
23
What is the greatest common divisor of 15 and 45?
15
What is the greatest common factor of 180 and 135?
45
Calculate the greatest common divisor of 187 and 110.
11
Calculate the highest common divisor of 384 and 204.
12
What is the highest common factor of 348 and 261?
87
What is the greatest common factor of 312 and 663?
39
What is the highest common divisor of 2 and 14?
2
Calculate the greatest common divisor of 294 and 672.
42
What is the highest common factor of 8 and 88?
8
What is the highest common factor of 72 and 1296?
72
Calculate the greatest common factor of 525 and 195.
15
Calculate the highest common divisor of 62 and 151094.
62
Calculate the greatest common divisor of 100 and 350.
50
What is the greatest common factor of 6 and 1104?
6
What is the greatest common factor of 63 and 441?
63
What is the highest common divisor of 714 and 1020?
102
Calculate the greatest common factor of 75 and 771.
3
What is the greatest common divisor of 15 and 1185?
15
Calculate the highest common divisor of 32 and 424.
8
What is the greatest common factor of 7622 and 296?
74
Calculate the greatest common factor of 68 and 1972.
68
Calculate the greatest common divisor of 100 and 164.
4
Calculate the highest common divisor of 32994 and 141.
141
What is the highest common factor of 18 and 225?
9
Calculate the greatest common divisor of 799 and 17.
17
What is the greatest common divisor of 18 and 1602?
18
What is the highest common divisor of 41868 and 108?
36
What is the greatest common divisor of 165 and 440?
55
Calculate the greatest common factor of 15264 and 162.
18
Calculate the highest common divisor of 7131 and 3.
3
Calculate the highest common factor of 1372 and 112.
28
Calculate the greatest common factor of 8 and 8.
8
Calculate the highest common divisor of 24 and 168.
24
What is the highest common factor of 48 and 56?
8
What is the highest common divisor of 17 and 2941?
17
What is the highest common divisor of 66 and 132?
66
Calculate the highest common factor of 72 and 846.
18
What is the highest common factor of 96 and 12?
12
Calculate the greatest common factor of 301 and 574.
7
What is the highest common divisor of 432 and 96?
48
What is the highest common factor of 28 and 378?
14
Calculate the highest common divisor of 13 and 1131.
13
Calculate the greatest common divisor of 2118 and 12.
6
What is the highest common divisor of 80 and 33400?
40
What is the highest common divisor of 437 and 23?
23
Calculate the highest common divisor of 24 and 1032.
24
What is the highest common factor of 187 and 9460?
11
Calculate the greatest common divisor of 72 and 228.
12
Calculate the greatest common factor of 638 and 77.
11
Calculate the greatest common divisor of 2871 and 116.
29
What is the highest common divisor of 113 and 10057?
113
What is the greatest common divisor of 40 and 220?
20
What is the highest common divisor of 97 and 9991?
97
What is the highest common divisor of 456 and 57?
57
Calculate the greatest common divisor of 592 and 37.
37
What is the greatest common factor of 81 and 891?
81
Calculate the greatest common divisor of 464 and 224.
16
Calculate the highest common divisor of 270 and 60.
30
What is the highest common factor of 40 and 170?
10
What is the highest common factor of 752 and 16?
16
Calculate the greatest common divisor of 4170 and 120.
30
What is the highest common factor of 5600 and 14?
14
What is the greatest common divisor of 840 and 385?
35
Calculate the greatest common factor of 189 and 108.
27
Calculate the greatest common divisor of 3 and 201.
3
What is the highest common factor of 748 and 68?
68
Calculate the greatest common divisor of 24540 and 48.
12
Calculate the greatest common factor of 63 and 5229.
63
What is the highest common factor of 55 and 55?
55
Calculate the greatest common divisor of 11 and 187.
11
Calculate the highest common factor of 1360 and 128.
16
Calculate the greatest common factor of 45 and 45.
45
What is the greatest common divisor of 18 and 765?
9
What is the greatest common factor of 279 and 225?
9
What is the highest common factor of 240 and 60?
60
Calculate the greatest common factor of 7 and 178.
1
What is the highest common factor of 5440 and 120?
40
Calculate the highest common divisor of 2212 and 8.
4
What is the highest common factor of 2 and 26?
2
What is the highest common factor of 18 and 1422?
18
Calculate the greatest common divisor of 19228 and 44.
44
What is the greatest common divisor of 76 and 7638?
38
Calculate the highest common factor of 225 and 25.
25
Calculate the greatest common factor of 29 and 261.
29
Calculate the highest common divisor of 645 and 255.
15
Calculate the highest common divisor of 30 and 1470.
30
Calculate the highest common divisor of 29 and 1160.
29
What is the greatest common divisor of 935 and 323?
17
What is the greatest common divisor of 53 and 1643?
53
Calculate the highest common divisor of 429 and 78.
39
What is the highest common divisor of 80872 and 88?
88
What is the greatest common divisor of 85 and 5440?
85
Calculate the greatest common divisor of 20 and 1580.
20
What is the greatest common divisor of 34707 and 69?
69
What is the highest common divisor of 605 and 55?
55
Calculate the highest common factor of 5332 and 387.
43
Calculate the highest common factor of 126 and 42.
42
What is the highest common divisor of 162 and 198?
18
What is the greatest common factor of 64 and 6848?
64
What is the highest common divisor of 127 and 12954?
127
Calculate the greatest common divisor of 219 and 3.
3
Calculate the highest common factor of 4235 and 77.
77
Calculate the greatest common divisor of 78 and 1274.
26
Calculate the greatest common factor of 176 and 66.
22
What is the highest common divisor of 414 and 18?
18
What is the greatest common divisor of 44 and 1276?
44
What is the highest common factor of 24 and 5100?
12
What is the highest common divisor of 5 and 61?
1
What is the highest common factor of 21 and 3?
3
Calculate the highest common factor of 195 and 78.
39
Calculate the highest common divisor of 3 and 9.
3
Calculate the highest common factor of 9446 and 6.
2
What is the greatest common factor of 75 and 915?
15
Calculate the highest common factor of 776 and 291.
97
Calculate the greatest common divisor of 217 and 77.
7
Calculate the greatest common divisor of 63 and 49.
7
Calculate the highest common divisor of 20 and 70.
10
Calculate the highest common factor of 9 and 40653.
9
Calculate the greatest common divisor of 99 and 11.
11
Calculate the greatest common factor of 686 and 28.
14
Calculate the highest common divisor 